 Let h be 1/(-4) + 30/(-8). Let k = h - y. What is the units digit of k?
2
Let w(t) be the second derivative of t**3/6 + 3*t**2 + 2*t. Let p be w(-4). Suppose 2*o - 16 = -p*i, 17 = 4*i + 2*o - 25. What is the tens digit of i?
1
Let w(c) = 2*c**3 - 4*c**2 + 3*c. Let s be w(3). Let m = s + -18. What is the units digit of m?
9
Let d(t) = -5*t - 8. What is the tens digit of d(-4)?
1
Suppose 0 = -3*b - 4*x + 6, 5*b - 13 = -5*x - 3. Let g be (-160)/(-15) + (-4)/6. Suppose -d - n = -b*d + g, 0 = d - 5*n - 18. What is the units digit of d?
8
Suppose 2*l = 5*l + 6. Let g(i) = 7*i**2 + 2*i**2 + 2 - 4*i**2 - i**2 + 4*i. What is the units digit of g(l)?
0
Let l = -35 + 48. What is the tens digit of l?
1
What is the units digit of (-4)/12*-1*9*3?
9
Let h = 7 - 17. Let l be h*1/(15/(-6)). Suppose a - 19 = -5*z, 0 = l*a - 0*z + z - 38. What is the units digit of a?
9
Let c = -8 + 43. Suppose -5*k + 0*k = y - 203, -c = -k - 3*y. Let v = k - 29. What is the units digit of v?
2
Let x = -2 + 5. Suppose 2*j + 119 = 3*z, x*z = -z + 4*j + 156. Let v = z - 23. What is the units digit of v?
8
Let t be (-1)/(0 - (-3)/(-6)). Suppose 8 = -t*m, 5*z - 85 = 2*m + 3*m. What is the tens digit of z?
1
Let w = 12 + -20. Let v(z) = -z**2 - 13*z - 1. What is the units digit of v(w)?
9
Suppose 2*d = -4*z - 2, -5*z - 9 = 5*d + 6. Let a(c) = 0*c**3 + z*c**3 - 3*c**3 + 3 - 3*c**2. What is the units digit of a(-4)?
9
Suppose -4*o = -78 - 34. Let l = o - 19. What is the units digit of l?
9
What is the tens digit of 207/6*4/3?
4
Suppose p + 28 = 3*t - 67, t = -2*p + 20. Suppose 0*f = 5*f - t. What is the units digit of f?
6
Let g = 28 + -20. Let v(x) = -15*x**3 - x**2 - x - 1. Let u be v(-1). Let w = u - g. What is the units digit of w?
6
Let l(g) = 3*g**2 + g - 1. Let a be l(1). Suppose -2*f - 5 = a*f. Let s = 9 - f. What is the tens digit of s?
1
Suppose 2 = -2*y - 2*n, 2*y - 2*n = 2*n - 26. Let m(o) = o**3 + 4*o**2 - 8*o - 3. What is the units digit of m(y)?
2
Suppose 0 = 2*c - 7 + 1. What is the units digit of c?
3
Suppose -5*k = -k. Suppose 4*a = c + 16, k*a = 5*c + 3*a - 35. What is the units digit of c?
4
Let v(a) = 4*a**2 + 9*a + 16. What is the hundreds digit of v(-6)?
1
Let g(y) = -y**2 + 18*y - 5. What is the units digit of g(13)?
0
Suppose -2*g - 5*k + 36 = 0, -5*g = k - 0 - 90. What is the tens digit of g?
1
Suppose 0 = 3*b - 267 - 909. What is the hundreds digit of b?
3
Suppose 550 = 2*i - u, 4*i + 6*u - 2*u - 1100 = 0. What is the tens digit of i?
7
Suppose z + 12 = 4*z. Let r = -3 + z. What is the units digit of r?
1
Suppose 3*s + 17 = 4*s. What is the units digit of s?
7
Suppose -2*b - 6 = 0, -a + b + 25 = 3*b. Suppose -2*y + 79 = a. What is the tens digit of y?
2
Let q(u) = -u**3 - 11*u**2 + 13*u - 1. Let b be q(-12). Let g = -3 + 1. What is the units digit of b/g - 1/(-2)?
7
Let y(q) = -q + 1. Let l(o) = -5*o - 1. Let u(s) = l(s) - 2*y(s). Let p be u(-2). Let r = p + -2. What is the units digit of r?
1
Suppose 6*k - 101 = 127. What is the tens digit of k?
3
Let c be (-1)/2*(5 - 1). Let f be 20 + (-2)/(-1) + c. Let u = f - 13. What is the units digit of u?
7
Let n = 20 - 6. What is the units digit of n?
4
Let p(k) = k**2 + k. Suppose 3*u - 2 = -5. Let i be p(u). Suppose i = c - 0*c - 4. What is the units digit of c?
4
Suppose 316 = -43*a + 47*a. What is the tens digit of a?
7
Let q = 102 + 38. What is the tens digit of q?
4
Let t(h) = h**3 - 5*h**2 + 3*h + 2. What is the units digit of t(5)?
7
Let m = -464 + 711. What is the units digit of m?
7
Let x(f) be the first derivative of 3*f**2 - f - 1. What is the units digit of x(1)?
5
Let y = -66 + 95. What is the tens digit of y?
2
Let h(m) = 5*m - 10. What is the units digit of h(6)?
0
Let t = 12 - -4. What is the units digit of t?
6
Let d(o) = 8*o**2 - o + 11. Let x be (4/(-8))/((-2)/24). Let w(z) = 23*z**2 - 2*z + 32. Let f(g) = x*w(g) - 17*d(g). What is the units digit of f(-4)?
7
Let o(g) = -g**2 - g + 1. Let c be o(2). Let u(q) = -q**3 - 6*q**2 - 7*q - 3. Let i be u(c). What is the units digit of i + (-3)/(6/4)?
5
Suppose -v + 6*v - 42 = 3*z, -2*v - 4 = 4*z. Suppose -v*j - 2 = -8*j. What is the units digit of j?
1
Let c(o) = 5*o - 7*o - 3*o + 6*o**2. Let l(y) = -7*y**2 + 5*y - 1. Let b(p) = 6*c(p) + 5*l(p). What is the units digit of b(6)?
1
Let b = 11 + -5. Let l(q) = 2*q**2 + 2*q + b*q**2 + q**3 - 4*q**2. What is the units digit of l(-2)?
4
Let y(n) be the first derivative of n**4/4 + 7*n**3/3 - 5*n**2 - 2*n - 1. Let b be y(-8). What is the units digit of 186/b - 10/35?
3
Let o be 50/(-1)*6/(-15). Suppose 2*x = 3*x - o. What is the units digit of x?
0
Let o = -91 - -157. What is the units digit of o?
6
Let z(o) = o**2 - 3*o + 5. Let x be z(6). What is the tens digit of 1/(1/x) - 0?
2
Suppose u = -u + 8. What is the units digit of u*4 - (17 + -21)?
0
Let v = 129 + -54. What is the units digit of v?
5
Suppose -5*s + 163 = -327. What is the units digit of s?
8
Suppose 0 = 4*q - 8, -3*g - 2*g + 1395 = -5*q. What is the units digit of g?
1
Suppose 0 = 2*q - 5*q. What is the units digit of (q - 1)/(1/(-13))?
3
Let f = -85 + 50. Let b = f + 49. What is the tens digit of b?
1
What is the units digit of (-24)/18*(-1 - 86)?
6
Let n be (-60)/(-14) - 4/14. Suppose 2*x + x - 3 = -n*a, a = x - 1. What is the units digit of x?
1
Suppose 7*b = 2*b + 20. Suppose -4*p = -2*p - b. What is the units digit of (8 + -4)/(p/2)?
4
Let c(p) = -p**3 - 5*p**2 + 8*p - 3. Let n = -2 - 5. What is the tens digit of c(n)?
3
Let r = -4 - -4. Suppose r = 2*f - 4 - 2. What is the units digit of 33/f + (-2 - -1)?
0
Let t(q) = -q**2 - 9*q + 19. What is the units digit of t(-10)?
9
Suppose -3 = -3*r - 0. What is the units digit of r?
1
Suppose 0 = 2*n - n, -2*n = -5*a + 60. Let t = a + 7. What is the tens digit of t?
1
Suppose s = -2*x - 0 - 7, 0 = 3*s - 2*x - 11. What is the units digit of s*(1 - -1) + 21?
3
Let i = 18 - -39. What is the tens digit of i?
5
Suppose 4*w + w - 825 = -5*x, 4*x - 696 = 5*w. What is the units digit of x?
9
Let q be 0/((-3)/(-1)) + 24. Let z = -8 + q. What is the units digit of z?
6
Let x(t) = -5*t. What is the tens digit of x(-11)?
5
Let n = 26 - 18. Let u = n - -4. What is the units digit of u?
2
Let b(k) = 4*k - 1. Let x be b(1). Suppose x*c - 2*c = 8. What is the units digit of c?
8
Suppose f + 73 = 4*w - 0*w, -53 = -2*w - 5*f. What is the units digit of w?
9
Let d = 113 - 77. Let n = -12 + d. What is the units digit of n?
4
Let l = 33 - 11. What is the units digit of l?
2
Let v = -46 - -47. Let a be (1*24 - -1)/1. Suppose 0 = 2*w - a + v. What is the tens digit of w?
1
Let u(j) = -j**3 + 5*j**2 - 2*j + 2. Let d = 11 - 7. What is the units digit of u(d)?
0
Suppose -4*h - f + 8 = 0, 0 = 4*h - 0*h - 4*f - 8. Suppose 0 = -5*l + h*l + 12. What is the units digit of l?
4
Let l = 146 - 104. What is the units digit of l?
2
Suppose -2*j + 4*c = -750, 5*j - 726 = 3*j - 4*c. What is the units digit of j?
9
Suppose 0*j + 4*j = -n + 156, -8 = 2*n. What is the units digit of j?
0
Let b = -1 - -33. What is the tens digit of b?
3
Let l(r) = -20*r + 17. What is the units digit of l(-18)?
7
Suppose -4 + 16 = 5*l + 3*w, -3*l = -2*w - 11. Suppose -5*a = -l*a - 14. What is the units digit of a?
7
Let i(z) = 16*z**2 + 1. Let a be i(-1). Suppose 4*l - 34 = -y, -a = -5*y + 2*l + 43. What is the tens digit of y?
1
Suppose -5*g + 2*z - 4 = -3, 3*g = z. What is the units digit of g?
1
Let z = -4 + 7. What is the units digit of (z/2)/((-9)/(-84))?
4
Suppose -5*k = -k + 8. Let d(t) = -3*t - 1. Let o be d(k). Suppose 0 = 4*r - 2*x - 78, o*r - 2*r + 2*x = 48. What is the units digit of r?
8
Suppose 2*s + 651 = 3*a - 254, -a + 297 = -3*s. What is the tens digit of a?
0
Let n = -12 + 20. Suppose 4*c - n - 16 = 0. What is the units digit of c?
6
Suppose 2*x + 2*i - 80 = -2*i, 5*x = 2*i + 188. What is the units digit of x?
8
Let l(c) = -c**3 - 4*c**2 + 3*c - 7. Let p(k) = k. Let x be p(-2). Let w(y) = y**2 + 4*y - 1. Let v be w(x). What is the units digit of l(v)?
3
Suppose 0 = 2*q + 2 - 6, 0 = 3*m + q + 4. What is the units digit of ((-2)/4)/(m/24)?
6
Let b(c) = c**3 - c**2 + 13. Suppose -2 = g - 2*o, 1 = -3*g + 2*o - 1. What is the tens digit of b(g)?
1
Suppose -r = 2*k - 36, 0 = r + 5*k - 0*k - 33. What is the tens digit of r?
3
Suppose 172 = 5*a